 2*g - a. Suppose g*h - 12 = 16*h. Let c(s) = -s**2 - 5*s - 2. Give c(h).
4
Let a(d) = -d**2 + d - 12. Let p be a(0). Let n be (p/3)/2 + 3. Let l(j) = -1 + n + 3 + j - 3*j. Give l(-4).
11
Let l = -59 + 52. Let a(t) = -2*t**3 - t**2 + 8*t + 1. Let v(g) = 5*g**3 + g**2 - 17*g - 3. Let m(f) = l*a(f) - 3*v(f). What is m(3)?
-4
Let g(h) = -9*h**2 - 1. Let x(m) = m**2 + 2*m. Let t be x(-1). Let w(i) = i**2 + i - 1. Let j(p) = t*g(p) + w(p). Determine j(1).
11
Suppose 5 = 4*k - 3*t, -2*k - 5*t + 1 = -8. Let c(b) = -k*b - 4*b + 7*b. Let n(o) = -5*o. Let r(m) = -15*c(m) - n(m). Calculate r(-1).
10
Let l(b) = 156*b**2 - 144*b**2 + 29*b**3 + 42 - 4*b - 30*b**3. Give l(12).
-6
Let f(n) = -35*n + 3. Let g be f(0). Let c(q) be the third derivative of -8*q**2 + 0*q**g + 0*q - 1/12*q**4 + 0. Calculate c(-5).
10
Suppose 4*g - 4 + 3 = -5*i, 4*g - 3*i = -39. Let k(z) = -z**2 - 8*z - 9. Calculate k(g).
3
Let g(p) be the second derivative of -p**5/20 - p**4/6 + p**3/6 - p**2 + 21*p + 1. What is g(-4)?
26
Let t(n) = 5*n**2 + 7404 - 2466 - n**3 - 5*n - 2471 - 2467. Let r be (-3)/(0 - 1) + 1. Determine t(r).
-4
Let i be ((-9)/6)/((-3)/4). Let w(j) = j**3 - j**2 + 2*j + 4. Let u be w(0). Let a(k) = 2*k + u - 4 + 3 - 1. What is a(i)?
6
Let m(t) be the second derivative of -t**5/20 - 5*t**4/6 - 5*t**3/3 - 7*t**2/2 - 2*t. Let z = -538 - -529. Calculate m(z).
2
Suppose 0 = -2*m + 58 - 180. Let f = 62 + m. Let j(s) = 5*s**3 - s**2 + 1. Calculate j(f).
5
Let i(a) be the third derivative of -a**6/120 - a**5/15 + a**4/3 + 3*a**3/2 - 13*a**2. Determine i(-6).
33
Let j(d) = -20*d**2 - 78*d + 8. Let c(h) = -13*h**2 - 49*h + 5. Let n(l) = -8*c(l) + 5*j(l). Determine n(1).
6
Let n(c) = 4*c**2 - 8*c - 1. Let x(h) = -h**3 - h**2 - h + 1. Let y(r) = n(r) - x(r). Calculate y(-6).
4
Let r(c) = 13*c + 2. Suppose 5 = -5*g, -2*t + 25*g + 4 = 23*g. Give r(t).
15
Let a(y) = 9*y**2 - 22*y + 25. Let b(c) = 5*c**2 - 11*c + 13. Let u(x) = -4*a(x) + 7*b(x). Calculate u(7).
19
Suppose 2*a + 12 = 2*n, 3*a + 4*n = -3 - 1. Let y be -3 - (a*1)/2. Let j(d) be the third derivative of d**5/10 - d**4/24 - 3*d**2. What is j(y)?
7
Let v(d) = d**3 - 6*d**2 + d + 4. Let o = -89 + 99. Let u be o/(-6) - -2 - (-196)/42. Determine v(u).
-16
Let o(w) = -139*w + 74*w + 70*w. Determine o(-5).
-25
Let a(h) = h**3 + h**2 + h + 2. Let q = -282 + 296. Suppose 5*b + 5*f - 12 - 138 = 0, 25 = b + 2*f. Let t be q/b*-1*5. Give a(t).
-4
Let m(a) = 5*a + a**2 + 8*a - 3*a - 3*a - 4. Let i(r) = -2*r**3 + 21*r**2 + 10*r + 4. Let y be i(11). Determine m(y).
-4
Let p(n) = -6*n + 3. Suppose -5*o = 3*b + 9, -2*b = -0*b + 3*o + 5. What is p(b)?
-9
Let b(v) be the second derivative of -v**5/120 + 7*v**4/24 + 2*v**3 - 8*v. Let m(j) be the second derivative of b(j). Determine m(6).
1
Let w = -42 + 49. Let x(y) = -w + 0 + 61*y**2 - 7*y - 60*y**2. Calculate x(7).
-7
Let z(r) = 2*r - 1. Let h be (-2)/10*22 - 16/(-40). Calculate z(h).
-9
Let g(n) be the second derivative of -n**8/6720 + n**7/2520 + n**6/720 - n**5/40 - 2*n**4 + 47*n. Let x(l) be the third derivative of g(l). Give x(0).
-3
Let d(c) = c + 57. Let n be d(-23). Let t(h) = -38*h - n*h + 74*h - 2. Let x(q) = q + 3. Let r be x(-5). Calculate t(r).
-6
Suppose -v + 46 = 52. Let t(a) = -a**3 - 9*a**2 - 17*a + 10. Let y be t(v). Let g(i) = 2*i**2 - 6*i + 1. What is g(y)?
9
Let s(m) be the second derivative of -m**7/840 + 7*m**6/360 - m**5/60 + m**4/8 + m**3 - 18*m. Let i(z) be the second derivative of s(z). Give i(7).
-11
Let v(n) = -n**3 - 8*n**2 - 7*n + 2. Let p = 160 + -167. Determine v(p).
2
Let m(s) = 3*s**3 - 16*s**2 + 16*s + 11. Let n(a) = -7*a**3 + 34*a**2 - 34*a - 20. Let x(v) = 5*m(v) + 2*n(v). Calculate x(11).
26
Let z(h) = -4*h. Let o(j) = j**3 + j**2 - 2*j + 3. Let i be o(1). Suppose 8 = -2*m + 2*y, -5*m - i*y + 2*y = 2. Determine z(m).
4
Let q be (-2)/(-7) + (-1)/14*-24. Suppose 0 = -q*o + v + 4 - 3, 3*v = -9. Let c(g) = 2*g + 1. Calculate c(o).
-1
Let b(r) = r**3 + 8*r**2 + 7*r + 2. Let w be 7 - ((-30)/(-55) - 296/(-22)). Calculate b(w).
2
Let v(u) = -18*u**2 - 10*u + 1. Let c(a) = 12*a**2 + 7*a - 1. Let r(q) = -7*c(q) - 5*v(q). Let f(h) = -5*h**2 - 1. Let g(b) = 7*f(b) + 6*r(b). Calculate g(-6).
5
Let j(v) = -v - 3. Let f(k) = k**3 - k**2 - 7*k - 4. Let y be f(5). Let r = y + -66. Calculate j(r).
2
Let v = -294 - -297. Let w(q) = 3*q - 4. Determine w(v).
5
Let o(y) be the first derivative of -2*y**2 + 12*y - 128. What is o(5)?
-8
Suppose 30 = 3*g + 4*u - 8, 0 = 2*g + u - 22. Let m(k) = -9*k + 38*k**2 - 67*k**2 + 30*k**2 - 3. Determine m(g).
7
Suppose 0 = 3*v - r - 9, -17 - 4 = -3*v + 5*r. Let a(d) = d**3 - 6*d + 6. Calculate a(v).
2
Let j(o) = -4 + o + 0*o - 4. Suppose 0 = -2*y - 0*y, -y - 6 = -2*z. Let q be 9/(-2)*(-4)/z. Determine j(q).
-2
Let m(w) = -2*w - 4. Let z be m(-5). Let d(g) = -14 + 18 - 4*g - z - 3. Give d(-6).
19
Let u be ((-12)/18 + (-20)/15)/(-1). Suppose -2*q + 6 = 2. Let p(y) = -4*y**3 + 3*y**q + 3*y**3 - 4*y + 1 + 5*y. Determine p(u).
7
Suppose -6*i + 5*i = -42. Let b be ((-12)/i)/(1/(-14)). Let n be (2/b)/(4/(-48)). Let l(w) = w**2 + 6*w + 1. Calculate l(n).
1
Let f(t) be the second derivative of t**4/12 + 7*t**3/6 - 9*t**2/2 + 189*t. What is f(-8)?
-1
Let w(a) = -a**3 - 2*a**2 + 5*a + 3. Suppose 21*d = 16*d + 15. Let b be 15/(-10) + d/(-2). What is w(b)?
-3
Let w(l) = 66*l - 3 + 3 - 68*l. What is w(5)?
-10
Let u(p) = -p**3 + 6*p**2 - p + 1. Let m be -8 + (2 - 0) - -2. Let h be m/12 + (-1 - 44/(-6)). Determine u(h).
-5
Let r(i) = 2*i**2 - 3*i**2 - 5*i**2 + 2 - 9*i + 5*i**2. What is r(-9)?
2
Let l(p) = -p**3 - 7*p**2 - 7*p - 8. Let j be l(-6). Let f = j + 6. Let y(n) = -f*n**2 + 3*n**2 + 3*n - 6*n + 1. What is y(-3)?
1
Suppose -2*d = 4*s - 82, -23 = -4*s + d + 74. Let h(f) = f**2 - 25*f + 31. Calculate h(s).
-15
Let t(d) = d**3 - 6*d**2 - 2*d + 4. Let c = -18 + 15. Let l = c - 9. Let u = 18 + l. What is t(u)?
-8
Let v be (-1)/((-1)/(-10)*(-3 - -1)). Let s(h) = 5*h**2 + 8*h - 22*h + 1 + 7*h + v*h. What is s(1)?
4
Suppose 0 = 6*n - 1 + 25. Let o(a) = a**2 + 2*a - 8. Give o(n).
0
Suppose 0 = 12*g + 8 + 76. Let a(c) = 3*c - 17. Calculate a(g).
-38
Let l be 4 + -10 + -5 + 11. Let a(i) = -i + 9. Determine a(l).
9
Let k(i) = 59 - 59 - 15*i. Let f(l) = 4*l + 103. Let r be f(-26). Calculate k(r).
15
Let w(y) = 3*y**3 - 4*y**2 - 4*y - 9. Let c = -31 + 38. Let l(k) = 4*k**3 - 6*k**2 - 6*k - 13. Let o(r) = c*w(r) - 5*l(r). Determine o(-3).
-13
Let c(z) = z**2 + 5*z. Let q(f) be the second derivative of -10*f**2 + 6*f + 0 - 1/6*f**3. Let i be q(-15). Give c(i).
0
Let q be ((-36)/(-21))/((-18)/(-84)). Let t(w) = w + 7. Calculate t(q).
15
Let l(c) be the first derivative of c**5/60 - 49*c**3/3 - 17. Let s(w) be the third derivative of l(w). Let a = 5 + -10. Give s(a).
-10
Let r(v) = -v**3 - 5*v**2 - 3*v + 3. Let k = 6 + -9. Let u be (1*2)/((-2)/k). Let p(m) = m**2 - 5*m + 3. Let b be p(u). Give r(b).
-6
Let x be (48/(-168))/(3/(-105)). Let k(z) = -z**2 + 12*z - 13. Determine k(x).
7
Let d(l) = -l**2 - 6*l - 5. Suppose 2*p - 10 = 0, 3*p - 35 = 3*b - 2*b. Let j = b - -15. Calculate d(j).
0
Let s(n) = n**3 + 8*n**2 - n - 4. Let x(y) = -9*y**2 + 27*y - 8. Let w be x(3). Give s(w).
4
Let k(a) = a**3 + 8*a**2 - 6*a - 8. Suppose -132 - 66 = 22*y. What is k(y)?
-35
Let p(g) be the first derivative of g**3/3 - g**2 - 7*g + 379. Determine p(0).
-7
Let i be ((-14)/(-96))/1*32/112. Let n(y) be the third derivative of -2*y**2 + 1/60*y**5 + 0*y + 0 - i*y**4 - 1/6*y**3. What is n(0)?
-1
Let v(t) = -t - 1. Let c(f) be the third derivative of 1/4*f**4 + 1/3*f**3 + 0*f + 2*f**2 - 1/60*f**5 + 0. Let d(m) = c(m) + 2*v(m). Give d(4).
0
Let t(p) be the second derivative of 7*p - 5/2*p**2 + 1/3*p**3 + 0 + 1/12*p**4. Determine t(-5).
10
Let d be -3 - (4 + (0 - 2)). Let u(q) be the third derivative of q**5/120 + q**3 + 7*q**2. Let j(v) be the first derivative of u(v). Calculate j(d).
-5
Let g = 358 - 362. Let s(j) = -11*j + 3. Determine s(g).
47
Let p(b) = -5*b + 4*b + 3 + 5. Suppose 3*n - 10*g + 39 = 4*n, -4*n = -5*g - 21. Determine p(n).
-1
Let b(p) = -3*p + 3 - 6*p - 576*p**2 + 286*p**2 + 289*p**2. Give b(-8).
11
Let m(h) = 2*h**3 - 4*h**2 + 4*h - 4. Let g be m(2). Let a(d) = 3*d + 0 - 5 - d**2 + 16 - g. What is a(5)?
-3
Let k(m) be the first derivative of -m**4/4 + m**3 - 5*m**2/2